 remainder when s is divided by 13.
9
Calculate the remainder when 252 + 0*5/25 is divided by 11.
10
Calculate the remainder when 55 is divided by 2/(-4) - 3078/(-108).
27
Let b(x) be the first derivative of 3*x**2/2 - 21*x - 8. What is the remainder when 23 is divided by b(9)?
5
Let p = -3 + 9. Suppose 0 = -4*r + a - 2*a + p, 8 = -4*a. Suppose 5*b + 10 = 0, 0 = r*o + 5*b - 10 - 8. What is the remainder when 40 is divided by o?
12
Let b(o) = -o**3 + 18*o**2 - 5*o - 23. Let c be b(18). Let f = -39 - c. What is the remainder when f is divided by 26?
22
Let b = 0 + 5. Suppose -435 = -b*o + 2*o. Let x = -102 + o. Calculate the remainder when x is divided by 11.
10
Suppose 4*t = 4*w + 6 + 54, 2*w - 42 = -2*t. Calculate the remainder when 431 is divided by t.
17
Suppose 4*p = 9*p - 180. Calculate the remainder when 68 is divided by p.
32
Suppose 4*c - t = 69, 0 = 3*c - 4*c - 2*t + 15. What is the remainder when 59 is divided by c?
8
Suppose -25 = -3*r + 29. Let x = 13 - r. What is the remainder when 78 + (x - -1) + 2 is divided by 26?
24
Suppose 0 = 5*l + 144 - 219. What is the remainder when 40/(-60) - (-886)/6 is divided by l?
12
Suppose -y = -4*y + 45. Let r be (-3)/y - (-576)/(-20). Let m = r + 40. What is the remainder when m is divided by 7?
4
Let s be -1 + (-1 - (-135)/(-5)). Let w = s - -47. What is the remainder when w is divided by 3?
0
Let k be (-5)/15*-3 - 6. What is the remainder when 14/(-4)*(10/k - 4) is divided by 12?
9
Let h = -12 - -16. Suppose -h*t - 4 = -32. Suppose -v + 26 = -t. What is the remainder when v is divided by 9?
6
Let p(u) = 144*u + 3. Suppose i + 2*z = -z - 6, 2*i - 5*z - 10 = 0. Suppose t + t - 8 = i. What is the remainder when t is divided by p(0)?
1
Suppose -6*a + 68 = -16. Let s be (-29)/2 + 3/6. What is the remainder when (-36)/s*(16 - -5) is divided by a?
12
Let q = -10 - -14. Suppose -5*n + 4 = q*r, -3*n + 4*r = 7 - 3. What is the remainder when 36 is divided by 39/3 + n/(-1)?
10
Suppose 3*l = -2*w + 661, 320 = -9*w + 10*w + 5*l. Calculate the remainder when w is divided by 88.
71
What is the remainder when 247 is divided by ((-224)/(-96))/((-2)/(-24))?
23
Let u = -60 - -57. Let t(y) = -y**2 - 4*y. What is the remainder when 5 is divided by t(u)?
2
Let y = -358 - -403. Calculate the remainder when 56 is divided by y.
11
Let l = 71 + -137. What is the remainder when (10/2)/((-5)/5) + 15 is divided by 4/10 + l/(-10)?
3
Suppose 4*m - 9 = -1. Suppose 5*v + 3*n = 423, -47 - 139 = -m*v + 3*n. What is the remainder when v is divided by 15?
12
Let u be (-2 + 16)/(4 + -2). Suppose -2*q + u*q = -25. Let v = q + 29. What is the remainder when 93 is divided by v?
21
Let b(v) = 25*v**2 + 1. Let j be b(1). Let p = 216 + -184. What is the remainder when 51 is divided by (j/(-8))/((-8)/p)?
12
Let n(q) = -q + 10. Let b be n(8). Let j be (27/(-36))/(b/(-8)). Suppose -j*u + 85 = 2*u. Calculate the remainder when 31 is divided by u.
14
Let a = -1024 + 1476. Calculate the remainder when a is divided by 115.
107
Suppose 3*p - 36 = p + 2*k, 0 = -2*p + 3*k + 36. Let z = 4 + p. Calculate the remainder when z is divided by 5.
2
Let v(j) = 6*j**2 - 10. What is the remainder when 320 is divided by v(-2)?
12
Suppose -6*d + 3*d + 12 = 0. Suppose -4*u = 2*f - 4*f + 146, -413 = -5*f - 2*u. Calculate the remainder when f is divided by d/(-16) - (-170)/8.
18
Let w(c) = 2*c + 45. Calculate the remainder when 145 is divided by w(-12).
19
Let n(y) = -32*y - 2. Suppose -z = -4*z - 3. Let a(u) = 14*u**3 + u**2 + u - 1. Calculate the remainder when a(2) is divided by n(z).
27
Suppose -3*p + 522 = 3*h, 698 = 4*h - 5*p + 10*p. Suppose 251 + 664 = 3*l. Let g = l - h. Calculate the remainder when g is divided by 34.
31
Suppose 4*w - 4*y = 108, w - 3*y + 87 = 4*w. Let j = 79 + -59. Suppose 0*g + 34 = 3*c + g, j = 4*c - 5*g. What is the remainder when w is divided by c?
8
Suppose 5 = -2*s - 3*h - 2, 0 = 4*h + 4. Let c = 2 - s. Let d(f) = 5*f - 1. Calculate the remainder when d(2) is divided by c.
1
Suppose 0 = -5*f - 0*f - 150. Let l = f - -36. Let m = -35 - -57. What is the remainder when m is divided by l?
4
Let d be (-76)/7 + 1/(-7). Let k(v) = -v**2 - 9*v - 3. Let f be k(d). Let u = f - -32. Calculate the remainder when 18 is divided by u.
4
Suppose -5*d + 39 = y - 283, -4*d + 3*y + 269 = 0. Suppose 0 = -5*j + j + 76. Calculate the remainder when d is divided by j.
8
Suppose g - 2*b - 32 = 0, 5*b = 5*g + 4*b - 142. Calculate the remainder when 183 is divided by g.
15
Let z be (2 - (-5)/(-3))*27. Let m = 39 + z. What is the remainder when m is divided by 17?
14
Let u be ((-107)/(-2))/(2/4). Let r = 157 - u. Calculate the remainder when r is divided by 26.
24
Suppose 0 = 4*x - 2*c - 108, 19*c - 24*c = -5*x + 145. Calculate the remainder when 54 is divided by x.
4
Let l be 94/18 + -1*(-2)/(-9). Suppose 5*x - 3*x = v + 12, 0 = l*x + 2*v - 30. What is the remainder when 19 is divided by x?
1
Let k(q) = 26*q + 7*q**2 + 2 - 5*q**2 + q**2 - q**2. What is the remainder when 85 is divided by k(-14)?
25
Suppose -5*w + 17*c - 13*c = -70, 4*w - 15 = -5*c. What is the remainder when 17 is divided by w?
7
Let p(n) = -n**2 - 12*n - 4. Calculate the remainder when p(-9) is divided by (-616)/(-105) + (-4)/(-30).
5
Suppose 43 + 1352 = 15*a. What is the remainder when 214 is divided by a?
28
Let l(h) = 6*h - 13. Let f be (1/(-2))/1 - (-68)/8. What is the remainder when l(f) is divided by 14?
7
Let g = 195 - 166. What is the remainder when 316 is divided by g?
26
Let h(k) = -5*k + 14. Calculate the remainder when 95 is divided by h(-13).
16
What is the remainder when 126/630 + 1378/10 is divided by (1/(-2))/((-1)/70)?
33
Calculate the remainder when 114 is divided by -1 + (-20)/((-1)/4*2).
36
Let m(c) = 32*c**2 - 5*c - 9. Calculate the remainder when m(-3) is divided by 37.
35
Let s = -17322 - -17341. Let r = -57 - -88. Calculate the remainder when r is divided by s.
12
Let o(j) be the third derivative of 0*j + 0 + 1/6*j**3 + 4*j**2 - 1/8*j**4. Calculate the remainder when 51 is divided by o(-4).
12
Let a(i) = -2*i**3 + 33*i**2 + 16*i + 27. Calculate the remainder when 107 is divided by a(17).
7
Let o(j) = 2*j**2 + 3*j. Let y be 20*((-10)/(-4) + -2). Let t(x) = x - 3. What is the remainder when t(y) is divided by o(-2)?
1
Suppose -79*r + 1351 = -72*r. Calculate the remainder when r is divided by 50.
43
Calculate the remainder when 206 is divided by (-2)/4 - (-18207)/306.
29
Suppose 21*x - 7*x - 224 = 0. Calculate the remainder when 117 is divided by x.
5
Suppose 2*z + 12*z - 27*z + 156 = 0. Calculate the remainder when ((-47)/1)/(2 - 3) is divided by z.
11
Let x = 881 + -852. What is the remainder when 131 is divided by x?
15
Calculate the remainder when 530/4 - 27/54 is divided by 45.
42
Suppose 12 = 4*j - 32. Suppose 0 = l + 4*z - 110, -2*z = l - 89 - j. Calculate the remainder when l is divided by 23.
21
Let a(h) = 2*h - 3. Let t be a(-3). Let z = -37 + 54. Let s = t + z. Calculate the remainder when 15 is divided by s.
7
Suppose 4*n = 5*t + 177, -n = n + 4*t - 108. Suppose 5*i + 5*y = 695, 0*i - 5*i + 695 = -4*y. What is the remainder when i is divided by n?
43
Suppose z = -2*q + 92, -4*z + 2*q - 4*q = -368. Let h = 285 - 266. Calculate the remainder when z is divided by h.
16
Let z(o) = o**3 + o**2 - 6*o - 2. Let r be z(-3). What is the remainder when 131 is divided by 25 + (r - 2) + 1?
21
Let b(x) = -43*x**3 - x**2 - x - 1. Suppose 2*y + 90 = 7*y. Let p = y - -4. What is the remainder when b(-1) is divided by p?
20
Suppose -5*j + 37 = 4*p, 2*p - 5*p + 3*j = -48. Calculate the remainder when 18 is divided by p.
5
Suppose -3*f + 487 = -4*u, 4*f - 2*u + 481 = 1147. Calculate the remainder when f is divided by 29.
24
Let b = -42 - -55. What is the remainder when 39 is divided by b?
0
Suppose 4*u = 9*u. Let a(m) = -2*m - 4. Let c be a(u). What is the remainder when (-66)/c*32/24 is divided by 8?
6
Let x be (-15)/45*(-13 + -2). Suppose -x*r - f + 154 = 0, -f = -3*r + 34 + 60. What is the remainder when 84 is divided by r?
22
Suppose -13*v + 9*v + 312 = 0. What is the remainder when 153 is divided by v*3/(-9)*-2?
49
Calculate the remainder when ((-51)/6 - -3)*-48 is divided by 67.
63
Let i = -35 - -41. Let t = 5 + 6. Calculate the remainder when t is divided by i.
5
